= t. Let y(q) = d*v(q) + 3*c(q). List the prime factors of y(5).
31
Let n = -364 + 897. Let p = -295 + n. List the prime factors of p.
2, 7, 17
Let a = 287 - 283. Let z be (-26)/4*(2 - 4). Suppose -a*p = -25 + z. List the prime factors of p.
3
Suppose -3*g + 16019 = 5*l + 703, 0 = g - l - 5116. Suppose 3*j + 2*a - g = 0, 67*a - 70*a - 5097 = -3*j. List the prime factors of j.
2, 23, 37
Suppose 5*a - 20 = 0, 4*j = -5*a + 6 + 6. List the prime factors of (-13)/26 - (3 + 299/j).
2, 73
Suppose 100685 = 2*g + 12343. List the prime factors of g.
44171
Let l = 8500 - 8189. List the prime factors of l.
311
Let k = 215856 - 152072. What are the prime factors of k?
2, 7, 17, 67
Suppose -4*z + 154797 = 3*l, 6*z - 212364 = -3*l - 57561. List the prime factors of l.
5, 17, 607
Suppose 29*c = 170291 + 333816. What are the prime factors of c?
17383
Let b = 243 + -128. Let z be 112*((-10)/20 - -1). Let s = b - z. What are the prime factors of s?
59
Let j = -4463 + 6542. Suppose -15*i - j = -26*i. List the prime factors of i.
3, 7
Let q be 8/(-20)*(9 - -1). Let v be (q - -7 - -3) + -2. Suppose -3*p - v*s = -118, 0*p + 2*p - 112 = 4*s. List the prime factors of p.
2, 23
Let i = -10908 + 23852. List the prime factors of i.
2, 809
Let k = -1714 - -1716. Let v(u) = -4*u**2 + 4. Let y be v(3). What are the prime factors of (y/(-1) - k)*3/9?
2, 5
Suppose 5*g + 22 = -8. Let s be 4/(g/3*-1) + -2. Suppose 0 = -4*a + 3*v + 588, s*a + 3*a = -5*v + 441. List the prime factors of a.
3, 7
Suppose 502 = l - 3*l + 3*y, 753 = -3*l - y. Let a = l - 244. Let f = -319 - a. List the prime factors of f.
2, 11
Let v be 3/(-6)*(-5 + -5). Suppose -n + 2*n - 26 = -v*h, 3*h = n + 22. What are the prime factors of 141/(-2)*(-3)/(h/4)?
3, 47
Let s be ((-74)/(-14) - 5) + 33/7. Suppose -v - 6 = -2*q, -2*v + s = -3*q + 13. List the prime factors of q/(-18)*6*-48.
2
List the prime factors of 28/(-42)*36054/(-12).
2003
Suppose 0 = -k + 2*k - 4, -4*k - 4 = -4*j. Suppose 0 = -5*i + 5, 0*i - 3*i + 8 = j*y. What are the prime factors of 9*2 - y/(2/(-4))?
2, 5
Let v = -1276 + 1881. Let u = v - 271. What are the prime factors of u?
2, 167
Let n = 60349 + -35268. List the prime factors of n.
7, 3583
Let x(b) = -b**3 - 10*b**2 - b + 43. Let u be x(-8). List the prime factors of 12/14 - 20955/u.
3, 7, 13
Let p be ((-6)/(-18) - 56/(-12))/5. List the prime factors of p*5/15 + (-20028)/(-18).
3, 7, 53
Suppose -6*m + 11*m - 15 = 0. Suppose 164 = -m*n + n. Let l = n - -260. What are the prime factors of l?
2, 89
Let w be -4 - ((-6)/(4 + -2) - 510). Suppose b - 268 = -u, 2*u - w = -4*b + 35. List the prime factors of u.
2, 3, 11
Let k(f) = f**2 - 5*f + 31. List the prime factors of k(13).
3, 5
Suppose -h + 482 = -13070. Suppose 0*s = 16*s - h. List the prime factors of s.
7, 11
Let u(c) be the first derivative of 389*c**2/2 + 41*c + 154. What are the prime factors of u(2)?
3, 7, 13
Let f(j) = -2*j + 45. Let z be f(23). List the prime factors of 13 - 17 - (0 - z - 568).
563
List the prime factors of ((-2220)/(-5) - 2)/(1*4/278).
13, 17, 139
Let k(w) = w**3 + 18*w**2 + 17*w - 66. List the prime factors of k(-14).
2, 3, 5
Let z = 25144 + -6933. List the prime factors of z.
18211
Let d(z) = 2*z**3 - 9*z**2 - z - 12. Let j(s) = 8*s - 56. Let x be j(8). What are the prime factors of d(x)?
2, 107
Let l be (-39594)/4 + (-6)/(-36)*-9. List the prime factors of ((-4)/(-5))/((-33)/l).
2, 3, 5
Let p = 21 + -21. Suppose p*r + 2*r = 10. Suppose 0 = 4*l + r*n - 185, l + l - 95 = -5*n. What are the prime factors of l?
3, 5
Let g be (-1 + 10/6)/((-8)/(-84)). Suppose -1980 = -5*c - g*c. List the prime factors of c.
3, 5, 11
Let m = 19 + -21. Let n = 130 - m. List the prime factors of n/4 + (-6)/3.
31
Suppose -4*v + 3*s + 12 = 0, -4*v - 2*s + 4*s + 8 = 0. Suppose 3*p + 8*y - 9*y - 1408 = 0, -4*y - 16 = v. List the prime factors of p.
2, 3, 13
Let l = -182 - -185. Let j(q) = -q**3 + 4*q**2 + 7*q + 1. What are the prime factors of j(l)?
31
Let s = 259 + -417. Let d = 753 + s. List the prime factors of d.
5, 7, 17
Suppose -14*t = -4*t - 160. List the prime factors of (-11)/((-4)/t*1).
2, 11
Let y = 30 + -22. Let d = -18 + y. Let x = 18 - d. List the prime factors of x.
2, 7
Let v(o) = -3513*o - 16260. List the prime factors of v(-23).
3, 71, 101
Suppose -9137 = 3*q - 57975 - 76010. List the prime factors of q.
2, 3, 17
Suppose 14*o - 4*o - 6*o = 0. Suppose o*b = b - 484. What are the prime factors of b?
2, 11
Suppose 6*z = z - 60. Suppose -4*s - 20 = 4*j - 0*s, -5*j + 5*s + 15 = 0. List the prime factors of 0/j + (5 + 1 - z).
2, 3
Suppose -3*k + 25 = -5*g, -17 = -5*k - 0*k - 4*g. Suppose k*t - 1549 = -4*q, t - 705 = -3*q + 465. List the prime factors of q.
17, 23
Let p = 35 + -29. Suppose -6*z + 9*z = p. Suppose 3*y + 74 + 5 = u, -u + 59 = z*y. List the prime factors of u.
67
Let t(s) = s**3 - 43*s**2 + 11*s + 65. Let w be t(43). Suppose -7160 = -5*j + 5*p, -3*p + 6273 = 4*j + w. What are the prime factors of j?
1433
Let a(n) = n**3 + 15*n**2 - 22*n - 10. Suppose -31 = -9*l + 5. Suppose 2*y + f = -29, -l*y = -2*y - 4*f + 44. List the prime factors of a(y).
2, 43
Let f(u) = -9*u + 135. Let r be f(14). List the prime factors of 6464/72 - (3 - 29/r).
2, 3, 5
Let b be (-4)/10*1500/(-24). Let f(j) = 47*j - 215. What are the prime factors of f(b)?
2, 3, 5
Let b(r) = -r**3 - 20*r**2 + 18*r - 57. Let d be b(-21). Suppose 0 + d = -3*v. What are the prime factors of ((-56)/(-70))/(v/(-535))?
2, 107
Suppose 3*o + 25205 = 4*m + 2*o, 6285 = m + 3*o. List the prime factors of m.
2, 3, 5, 7
Let q be (132/(-11) - -5) + 3. Suppose 2*p = 1 - 5, -2*w - 5*p + 2074 = 0. What are the prime factors of (q - 116/(-28)) + w/7?
149
Let q be 2*((-5047)/(-2))/7. Suppose -q = 9*i - 16*i. List the prime factors of i.
103
Let h be 4 - (1 - 23) - 3. Let k = h - 28. Let q = 82 - k. List the prime factors of q.
3, 29
Let h be (-7)/14*0/(-5). Suppose 2*b + 3*x = b - 5, h = -3*b - 5*x - 3. What are the prime factors of b?
2
Suppose 0 = 7*m + 3498 - 14390. What are the prime factors of m?
2, 389
Let k(l) = 4*l - 7. Let a be k(7). Suppose -2*h - a = -45. List the prime factors of 1982/h - 17/102.
3, 5, 11
Suppose 0 = -2*c + 6904 - 140. Let m = c - 2372. What are the prime factors of m?
2, 5, 101
Let u = -6293 + 7315. What are the prime factors of u?
2, 7, 73
Let q(m) = 54*m**3 - 13*m**2 + 3*m + 7. List the prime factors of q(4).
3, 11
Let a(i) = -64*i + 325. Let g be a(5). Let v(o) = 292*o + 277. List the prime factors of v(g).
3, 193
Let f(a) be the third derivative of a**6/120 - a**5/10 + 5*a**4/12 - 2*a**3/3 - 12*a**2. Let h be f(4). Suppose z + 57 = h*z. What are the prime factors of z?
19
Let a = 1168 - -242. Suppose -a - 1482 = -2*m. What are the prime factors of m?
2, 3, 241
Let u(f) = -5*f + 23. Let q be u(5). Let l(o) = -23*o**2 - 2*o - 4. Let m be l(q). Let s = 193 + m. What are the prime factors of s?
101
Suppose 0 = -2*g - 4*j + 564, 175 - 458 = -g - 3*j. Suppose 3*d + g = 5*f + 8*d, -2*f + 121 = -d. What are the prime factors of f?
59
Suppose 42 = 5*d + 27. Suppose d*q + 51 = 204. What are the prime factors of q?
3, 17
Suppose -2*v + 21805 = 5*b, -35*b + 3*v + 21780 = -30*b. What are the prime factors of b?
3, 1453
Let s = -404 - -552. Suppose 4*v = -u + 7*v + 33, s = 5*u + 2*v. What are the prime factors of u?
2, 3, 5
Suppose 4*h + 20 = s, s - 6 = 2*h + 4. Let u be -1*(-2 - 0) + (s - 0). Suppose -4*a + u*a + 12 = 0. What are the prime factors of a?
2, 3
Let l(g) = -11*g + 1075. List the prime factors of l(-70).
3, 5, 41
Suppose 0*a - 12 = 2*a. Let x be (1 - -62)*(-2)/a. Suppose 0 = 2*g - 3 - x. List the prime factors of g.
2, 3
List the prime factors of 80/100 + (-29006)/(-5).
2, 3, 967
Suppose 0 = -6*k - 0*k - 312. Let z = -25 - k. Suppose -a = -111 + z. List the prime factors of a.
2, 3, 7
Let h = -12713 - -43799. What are the prime factors of h?
2, 3, 11, 157
List the prime factors of -13 - (-32)/2 - -5374.
19, 283
Suppose -4*x - 51768 = -2*s, 0 = 2*s + 112*x - 109*x - 51796. What are the prime factors of s?
2, 6473
Let u(f) = 20*f - 71. Let b(i) = -i + 6. Let z be b(-4). List the prime factors of u(z).
3, 43
Suppose -5*c + 4522 + 2693 = 0. Let k = c - 420. What are the prime factors of k?
3, 11, 31
Suppose 622 - 3009 = -11*j. List the prime fact